{"version":"1.0","provider_name":"Participaci\u00f3n Ciudadana","provider_url":"https:\/\/www.participacionciudadana.org\/web","author_name":"Pablo Villac\u00eds","author_url":"https:\/\/www.participacionciudadana.org\/web\/author\/pablo-villacis\/","title":"PC SOBRE EL CAMBIO DEL CALENDARIO ELECTORAL - Participaci\u00f3n Ciudadana","type":"rich","width":600,"height":338,"html":"<blockquote class=\"wp-embedded-content\" data-secret=\"m97juD4VT8\"><a href=\"https:\/\/www.participacionciudadana.org\/web\/2026\/03\/30\/pc-sobre-el-cambio-del-calendario-electoral\/\">PC SOBRE EL CAMBIO DEL CALENDARIO ELECTORAL<\/a><\/blockquote><iframe sandbox=\"allow-scripts\" security=\"restricted\" src=\"https:\/\/www.participacionciudadana.org\/web\/2026\/03\/30\/pc-sobre-el-cambio-del-calendario-electoral\/embed\/#?secret=m97juD4VT8\" width=\"600\" height=\"338\" title=\"\u00abPC SOBRE EL CAMBIO DEL CALENDARIO ELECTORAL\u00bb \u2014 Participaci\u00f3n Ciudadana\" data-secret=\"m97juD4VT8\" frameborder=\"0\" marginwidth=\"0\" marginheight=\"0\" scrolling=\"no\" class=\"wp-embedded-content\"><\/iframe><script>\n\/*! This file is auto-generated *\/\n!function(d,l){\"use strict\";l.querySelector&&d.addEventListener&&\"undefined\"!=typeof URL&&(d.wp=d.wp||{},d.wp.receiveEmbedMessage||(d.wp.receiveEmbedMessage=function(e){var t=e.data;if((t||t.secret||t.message||t.value)&&!\/[^a-zA-Z0-9]\/.test(t.secret)){for(var s,r,n,a=l.querySelectorAll('iframe[data-secret=\"'+t.secret+'\"]'),o=l.querySelectorAll('blockquote[data-secret=\"'+t.secret+'\"]'),c=new RegExp(\"^https?:$\",\"i\"),i=0;i<o.length;i++)o[i].style.display=\"none\";for(i=0;i<a.length;i++)s=a[i],e.source===s.contentWindow&&(s.removeAttribute(\"style\"),\"height\"===t.message?(1e3<(r=parseInt(t.value,10))?r=1e3:~~r<200&&(r=200),s.height=r):\"link\"===t.message&&(r=new URL(s.getAttribute(\"src\")),n=new URL(t.value),c.test(n.protocol))&&n.host===r.host&&l.activeElement===s&&(d.top.location.href=t.value))}},d.addEventListener(\"message\",d.wp.receiveEmbedMessage,!1),l.addEventListener(\"DOMContentLoaded\",function(){for(var e,t,s=l.querySelectorAll(\"iframe.wp-embedded-content\"),r=0;r<s.length;r++)(t=(e=s[r]).getAttribute(\"data-secret\"))||(t=Math.random().toString(36).substring(2,12),e.src+=\"#?secret=\"+t,e.setAttribute(\"data-secret\",t)),e.contentWindow.postMessage({message:\"ready\",secret:t},\"*\")},!1)))}(window,document);\n\/\/# sourceURL=https:\/\/www.participacionciudadana.org\/web\/wp-includes\/js\/wp-embed.min.js\n<\/script>\n","thumbnail_url":"https:\/\/www.participacionciudadana.org\/web\/wp-content\/uploads\/2026\/03\/photo_5068980653000428432_y.jpg","thumbnail_width":943,"thumbnail_height":1157,"description":"La Corporaci\u00f3n Participaci\u00f3n Ciudadana expresa su preocupaci\u00f3n ante la decisi\u00f3n del CNE de adelantar los comicios seccionales para el 29 de noviembre de 2026. Si bien esta decisi\u00f3n est\u00e1 dentro de las competencias del CNE, afecta varios principios democr\u00e1ticos: Vulnera el principio de equidad, al haber varias tiendas pol\u00edticas que est\u00e1n en proceso de organizaci\u00f3n [&hellip;]"}

Participación Ciudadana

Pablo Villacís

PC SOBRE EL CAMBIO DEL CALENDARIO ELECTORAL - Participación Ciudadana

<blockquote class="wp-embedded-content" data-secret="m97juD4VT8"><a href="https://www.participacionciudadana.org/web/2026/03/30/pc-sobre-el-cambio-del-calendario-electoral/">PC SOBRE EL CAMBIO DEL CALENDARIO ELECTORAL</a></blockquote><iframe sandbox="allow-scripts" security="restricted" src="https://www.participacionciudadana.org/web/2026/03/30/pc-sobre-el-cambio-del-calendario-electoral/embed/#?secret=m97juD4VT8" width="600" height="338" title="«PC SOBRE EL CAMBIO DEL CALENDARIO ELECTORAL» — Participación Ciudadana" data-secret="m97juD4VT8" frameborder="0" marginwidth="0" marginheight="0" scrolling="no" class="wp-embedded-content"></iframe><script>
/*! This file is auto-generated */
!function(d,l){"use strict";l.querySelector&&d.addEventListener&&"undefined"!=typeof URL&&(d.wp=d.wp||{},d.wp.receiveEmbedMessage||(d.wp.receiveEmbedMessage=function(e){var t=e.data;if((t||t.secret||t.message||t.value)&&!/[^a-zA-Z0-9]/.test(t.secret)){for(var s,r,n,a=l.querySelectorAll('iframe[data-secret="'+t.secret+'"]'),o=l.querySelectorAll('blockquote[data-secret="'+t.secret+'"]'),c=new RegExp("^https?:$","i"),i=0;i<o.length;i++)o[i].style.display="none";for(i=0;i<a.length;i++)s=a[i],e.source===s.contentWindow&&(s.removeAttribute("style"),"height"===t.message?(1e3<(r=parseInt(t.value,10))?r=1e3:~~r<200&&(r=200),s.height=r):"link"===t.message&&(r=new URL(s.getAttribute("src")),n=new URL(t.value),c.test(n.protocol))&&n.host===r.host&&l.activeElement===s&&(d.top.location.href=t.value))}},d.addEventListener("message",d.wp.receiveEmbedMessage,!1),l.addEventListener("DOMContentLoaded",function(){for(var e,t,s=l.querySelectorAll("iframe.wp-embedded-content"),r=0;r<s.length;r++)(t=(e=s[r]).getAttribute("data-secret"))||(t=Math.random().toString(36).substring(2,12),e.src+="#?secret="+t,e.setAttribute("data-secret",t)),e.contentWindow.postMessage({message:"ready",secret:t},"*")},!1)))}(window,document);
//# sourceURL=https://www.participacionciudadana.org/web/wp-includes/js/wp-embed.min.js
</script>

La Corporación Participación Ciudadana expresa su preocupación ante la decisión del CNE de adelantar los comicios seccionales para el 29 de noviembre de 2026. Si bien esta decisión está dentro de las competencias del CNE, afecta varios principios democráticos: Vulnera el principio de equidad, al haber varias tiendas políticas que están en proceso de organización [&hellip;]
