{"id":1494,"date":"2022-01-05T23:15:20","date_gmt":"2022-01-06T04:15:20","guid":{"rendered":"https:\/\/www.participacionciudadana.org\/web\/?page_id=1494"},"modified":"2022-01-05T23:43:14","modified_gmt":"2022-01-06T04:43:14","slug":"william-gandara-coordinador-centro-de-monitoreo","status":"publish","type":"page","link":"https:\/\/www.participacionciudadana.org\/web\/equipo-pc\/william-gandara-coordinador-centro-de-monitoreo\/","title":{"rendered":"William G\u00e1ndara &#8211; Coordinador del Centro de Monitoreo"},"content":{"rendered":"\n<p>Licenciado en Comunicaci\u00f3n Social para el Desarrollo por la Universidad Polit\u00e9cnica Salesiana del Ecuador.<\/p>\n\n\n\n<p>Actualmente es el Coordinador del Proyecto \u201cVigilancia de la Gesti\u00f3n p\u00fablica en cumplimiento de la LOTAIP\u201d en la Corporaci\u00f3n Participaci\u00f3n Ciudadana.<\/p>\n\n\n\n<figure class=\"wp-block-image size-thumbnail is-resized\"><a href=\"https:\/\/twitter.com\/wi30\"><img decoding=\"async\" src=\"https:\/\/www.participacionciudadana.org\/web\/wp-content\/uploads\/2022\/01\/logoTwitter-150x150.png\" alt=\"\" class=\"wp-image-1476\" width=\"32\" height=\"32\" srcset=\"https:\/\/www.participacionciudadana.org\/web\/wp-content\/uploads\/2022\/01\/logoTwitter-150x150.png 150w, https:\/\/www.participacionciudadana.org\/web\/wp-content\/uploads\/2022\/01\/logoTwitter-300x300.png 300w, https:\/\/www.participacionciudadana.org\/web\/wp-content\/uploads\/2022\/01\/logoTwitter.png 500w\" sizes=\"(max-width: 32px) 100vw, 32px\" \/><\/a><\/figure>\n\n\n\n<p><a href=\"mailto:wgandara@participacionciudadana.org\" target=\"_blank\" rel=\"noreferrer noopener\">\u00a0wgandara@participacionciudadana.org<\/a><\/p>\n","protected":false},"excerpt":{"rendered":"<p>Licenciado en Comunicaci\u00f3n Social para el Desarrollo por la Universidad Polit\u00e9cnica Salesiana del Ecuador. Actualmente es el Coordinador del Proyecto \u201cVigilancia de la Gesti\u00f3n p\u00fablica en cumplimiento de la LOTAIP\u201d en la Corporaci\u00f3n Participaci\u00f3n Ciudadana. \u00a0wgandara@participacionciudadana.org<\/p>\n","protected":false},"author":1,"featured_media":1495,"parent":1463,"menu_order":7,"comment_status":"closed","ping_status":"closed","template":"","meta":{"site-sidebar-layout":"default","site-content-layout":"","ast-site-content-layout":"default","site-content-style":"default","site-sidebar-style":"default","ast-global-header-display":"","ast-banner-title-visibility":"","ast-main-header-display":"","ast-hfb-above-header-display":"","ast-hfb-below-header-display":"","ast-hfb-mobile-header-display":"","site-post-title":"","ast-breadcrumbs-content":"","ast-featured-img":"","footer-sml-layout":"","ast-disable-related-posts":"","theme-transparent-header-meta":"","adv-header-id-meta":"","stick-header-meta":"","header-above-stick-meta":"","header-main-stick-meta":"","header-below-stick-meta":"","astra-migrate-meta-layouts":"default","ast-page-background-enabled":"default","ast-page-background-meta":{"desktop":{"background-color":"","background-image":"","background-repeat":"repeat","background-position":"center center","background-size":"auto","background-attachment":"scroll","background-type":"","background-media":"","overlay-type":"","overlay-color":"","overlay-opacity":"","overlay-gradient":""},"tablet":{"background-color":"","background-image":"","background-repeat":"repeat","background-position":"center center","background-size":"auto","background-attachment":"scroll","background-type":"","background-media":"","overlay-type":"","overlay-color":"","overlay-opacity":"","overlay-gradient":""},"mobile":{"background-color":"","background-image":"","background-repeat":"repeat","background-position":"center center","background-size":"auto","background-attachment":"scroll","background-type":"","background-media":"","overlay-type":"","overlay-color":"","overlay-opacity":"","overlay-gradient":""}},"ast-content-background-meta":{"desktop":{"background-color":"var(--ast-global-color-5)","background-image":"","background-repeat":"repeat","background-position":"center center","background-size":"auto","background-attachment":"scroll","background-type":"","background-media":"","overlay-type":"","overlay-color":"","overlay-opacity":"","overlay-gradient":""},"tablet":{"background-color":"var(--ast-global-color-5)","background-image":"","background-repeat":"repeat","background-position":"center center","background-size":"auto","background-attachment":"scroll","background-type":"","background-media":"","overlay-type":"","overlay-color":"","overlay-opacity":"","overlay-gradient":""},"mobile":{"background-color":"var(--ast-global-color-5)","background-image":"","background-repeat":"repeat","background-position":"center center","background-size":"auto","background-attachment":"scroll","background-type":"","background-media":"","overlay-type":"","overlay-color":"","overlay-opacity":"","overlay-gradient":""}},"_joinchat":[],"footnotes":""},"class_list":["post-1494","page","type-page","status-publish","has-post-thumbnail","hentry"],"yoast_head":"<!-- This site is optimized with the Yoast SEO plugin v26.5 - https:\/\/yoast.com\/wordpress\/plugins\/seo\/ -->\n<title>William G\u00e1ndara - Coordinador del Centro de Monitoreo - Participaci\u00f3n Ciudadana<\/title>\n<meta name=\"robots\" content=\"index, follow, max-snippet:-1, max-image-preview:large, max-video-preview:-1\" \/>\n<link rel=\"canonical\" href=\"https:\/\/www.participacionciudadana.org\/web\/equipo-pc\/william-gandara-coordinador-centro-de-monitoreo\/\" \/>\n<meta property=\"og:locale\" content=\"es_ES\" \/>\n<meta property=\"og:type\" content=\"article\" \/>\n<meta property=\"og:title\" content=\"William G\u00e1ndara - Coordinador del Centro de Monitoreo - Participaci\u00f3n Ciudadana\" \/>\n<meta property=\"og:description\" content=\"Licenciado en Comunicaci\u00f3n Social para el Desarrollo por la Universidad Polit\u00e9cnica Salesiana del Ecuador. Actualmente es el Coordinador del Proyecto \u201cVigilancia de la Gesti\u00f3n p\u00fablica en cumplimiento de la LOTAIP\u201d en la Corporaci\u00f3n Participaci\u00f3n Ciudadana. \u00a0wgandara@participacionciudadana.org\" \/>\n<meta property=\"og:url\" content=\"https:\/\/www.participacionciudadana.org\/web\/equipo-pc\/william-gandara-coordinador-centro-de-monitoreo\/\" \/>\n<meta property=\"og:site_name\" content=\"Participaci\u00f3n Ciudadana\" \/>\n<meta property=\"article:publisher\" content=\"https:\/\/www.facebook.com\/ParticipacionPC\/\" \/>\n<meta property=\"article:modified_time\" content=\"2022-01-06T04:43:14+00:00\" \/>\n<meta property=\"og:image\" content=\"https:\/\/www.participacionciudadana.org\/web\/wp-content\/uploads\/2022\/01\/WilliamGandara.jpeg\" \/>\n\t<meta property=\"og:image:width\" content=\"100\" \/>\n\t<meta property=\"og:image:height\" content=\"100\" \/>\n\t<meta property=\"og:image:type\" content=\"image\/jpeg\" \/>\n<meta name=\"twitter:card\" content=\"summary_large_image\" \/>\n<meta name=\"twitter:site\" content=\"@ParticipacionPC\" \/>\n<script type=\"application\/ld+json\" class=\"yoast-schema-graph\">{\"@context\":\"https:\/\/schema.org\",\"@graph\":[{\"@type\":\"WebPage\",\"@id\":\"https:\/\/www.participacionciudadana.org\/web\/equipo-pc\/william-gandara-coordinador-centro-de-monitoreo\/\",\"url\":\"https:\/\/www.participacionciudadana.org\/web\/equipo-pc\/william-gandara-coordinador-centro-de-monitoreo\/\",\"name\":\"William G\u00e1ndara - Coordinador del Centro de Monitoreo - Participaci\u00f3n Ciudadana\",\"isPartOf\":{\"@id\":\"https:\/\/www.participacionciudadana.org\/web\/#website\"},\"primaryImageOfPage\":{\"@id\":\"https:\/\/www.participacionciudadana.org\/web\/equipo-pc\/william-gandara-coordinador-centro-de-monitoreo\/#primaryimage\"},\"image\":{\"@id\":\"https:\/\/www.participacionciudadana.org\/web\/equipo-pc\/william-gandara-coordinador-centro-de-monitoreo\/#primaryimage\"},\"thumbnailUrl\":\"https:\/\/www.participacionciudadana.org\/web\/wp-content\/uploads\/2022\/01\/WilliamGandara.jpeg\",\"datePublished\":\"2022-01-06T04:15:20+00:00\",\"dateModified\":\"2022-01-06T04:43:14+00:00\",\"breadcrumb\":{\"@id\":\"https:\/\/www.participacionciudadana.org\/web\/equipo-pc\/william-gandara-coordinador-centro-de-monitoreo\/#breadcrumb\"},\"inLanguage\":\"es\",\"potentialAction\":[{\"@type\":\"ReadAction\",\"target\":[\"https:\/\/www.participacionciudadana.org\/web\/equipo-pc\/william-gandara-coordinador-centro-de-monitoreo\/\"]}]},{\"@type\":\"ImageObject\",\"inLanguage\":\"es\",\"@id\":\"https:\/\/www.participacionciudadana.org\/web\/equipo-pc\/william-gandara-coordinador-centro-de-monitoreo\/#primaryimage\",\"url\":\"https:\/\/www.participacionciudadana.org\/web\/wp-content\/uploads\/2022\/01\/WilliamGandara.jpeg\",\"contentUrl\":\"https:\/\/www.participacionciudadana.org\/web\/wp-content\/uploads\/2022\/01\/WilliamGandara.jpeg\",\"width\":100,\"height\":100},{\"@type\":\"BreadcrumbList\",\"@id\":\"https:\/\/www.participacionciudadana.org\/web\/equipo-pc\/william-gandara-coordinador-centro-de-monitoreo\/#breadcrumb\",\"itemListElement\":[{\"@type\":\"ListItem\",\"position\":1,\"name\":\"Portada\",\"item\":\"https:\/\/www.participacionciudadana.org\/web\/\"},{\"@type\":\"ListItem\",\"position\":2,\"name\":\"Equipo PC\",\"item\":\"https:\/\/www.participacionciudadana.org\/web\/equipo-pc\/\"},{\"@type\":\"ListItem\",\"position\":3,\"name\":\"William G\u00e1ndara &#8211; Coordinador del Centro de Monitoreo\"}]},{\"@type\":\"WebSite\",\"@id\":\"https:\/\/www.participacionciudadana.org\/web\/#website\",\"url\":\"https:\/\/www.participacionciudadana.org\/web\/\",\"name\":\"Participaci\u00f3n Ciudadana\",\"description\":\"Comprometidos con la democracia\",\"publisher\":{\"@id\":\"https:\/\/www.participacionciudadana.org\/web\/#organization\"},\"potentialAction\":[{\"@type\":\"SearchAction\",\"target\":{\"@type\":\"EntryPoint\",\"urlTemplate\":\"https:\/\/www.participacionciudadana.org\/web\/?s={search_term_string}\"},\"query-input\":{\"@type\":\"PropertyValueSpecification\",\"valueRequired\":true,\"valueName\":\"search_term_string\"}}],\"inLanguage\":\"es\"},{\"@type\":\"Organization\",\"@id\":\"https:\/\/www.participacionciudadana.org\/web\/#organization\",\"name\":\"Participaci\u00f3n Ciudadana\",\"url\":\"https:\/\/www.participacionciudadana.org\/web\/\",\"logo\":{\"@type\":\"ImageObject\",\"inLanguage\":\"es\",\"@id\":\"https:\/\/www.participacionciudadana.org\/web\/#\/schema\/logo\/image\/\",\"url\":\"https:\/\/www.participacionciudadana.org\/web\/wp-content\/uploads\/2021\/11\/cropped-logo_pc-1.png\",\"contentUrl\":\"https:\/\/www.participacionciudadana.org\/web\/wp-content\/uploads\/2021\/11\/cropped-logo_pc-1.png\",\"width\":340,\"height\":114,\"caption\":\"Participaci\u00f3n Ciudadana\"},\"image\":{\"@id\":\"https:\/\/www.participacionciudadana.org\/web\/#\/schema\/logo\/image\/\"},\"sameAs\":[\"https:\/\/www.facebook.com\/ParticipacionPC\/\",\"https:\/\/x.com\/ParticipacionPC\"]}]}<\/script>\n<!-- \/ Yoast SEO plugin. -->","yoast_head_json":{"title":"William G\u00e1ndara - Coordinador del Centro de Monitoreo - Participaci\u00f3n Ciudadana","robots":{"index":"index","follow":"follow","max-snippet":"max-snippet:-1","max-image-preview":"max-image-preview:large","max-video-preview":"max-video-preview:-1"},"canonical":"https:\/\/www.participacionciudadana.org\/web\/equipo-pc\/william-gandara-coordinador-centro-de-monitoreo\/","og_locale":"es_ES","og_type":"article","og_title":"William G\u00e1ndara - Coordinador del Centro de Monitoreo - Participaci\u00f3n Ciudadana","og_description":"Licenciado en Comunicaci\u00f3n Social para el Desarrollo por la Universidad Polit\u00e9cnica Salesiana del Ecuador. Actualmente es el Coordinador del Proyecto \u201cVigilancia de la Gesti\u00f3n p\u00fablica en cumplimiento de la LOTAIP\u201d en la Corporaci\u00f3n Participaci\u00f3n Ciudadana. \u00a0wgandara@participacionciudadana.org","og_url":"https:\/\/www.participacionciudadana.org\/web\/equipo-pc\/william-gandara-coordinador-centro-de-monitoreo\/","og_site_name":"Participaci\u00f3n Ciudadana","article_publisher":"https:\/\/www.facebook.com\/ParticipacionPC\/","article_modified_time":"2022-01-06T04:43:14+00:00","og_image":[{"width":100,"height":100,"url":"https:\/\/www.participacionciudadana.org\/web\/wp-content\/uploads\/2022\/01\/WilliamGandara.jpeg","type":"image\/jpeg"}],"twitter_card":"summary_large_image","twitter_site":"@ParticipacionPC","schema":{"@context":"https:\/\/schema.org","@graph":[{"@type":"WebPage","@id":"https:\/\/www.participacionciudadana.org\/web\/equipo-pc\/william-gandara-coordinador-centro-de-monitoreo\/","url":"https:\/\/www.participacionciudadana.org\/web\/equipo-pc\/william-gandara-coordinador-centro-de-monitoreo\/","name":"William G\u00e1ndara - Coordinador del Centro de Monitoreo - Participaci\u00f3n Ciudadana","isPartOf":{"@id":"https:\/\/www.participacionciudadana.org\/web\/#website"},"primaryImageOfPage":{"@id":"https:\/\/www.participacionciudadana.org\/web\/equipo-pc\/william-gandara-coordinador-centro-de-monitoreo\/#primaryimage"},"image":{"@id":"https:\/\/www.participacionciudadana.org\/web\/equipo-pc\/william-gandara-coordinador-centro-de-monitoreo\/#primaryimage"},"thumbnailUrl":"https:\/\/www.participacionciudadana.org\/web\/wp-content\/uploads\/2022\/01\/WilliamGandara.jpeg","datePublished":"2022-01-06T04:15:20+00:00","dateModified":"2022-01-06T04:43:14+00:00","breadcrumb":{"@id":"https:\/\/www.participacionciudadana.org\/web\/equipo-pc\/william-gandara-coordinador-centro-de-monitoreo\/#breadcrumb"},"inLanguage":"es","potentialAction":[{"@type":"ReadAction","target":["https:\/\/www.participacionciudadana.org\/web\/equipo-pc\/william-gandara-coordinador-centro-de-monitoreo\/"]}]},{"@type":"ImageObject","inLanguage":"es","@id":"https:\/\/www.participacionciudadana.org\/web\/equipo-pc\/william-gandara-coordinador-centro-de-monitoreo\/#primaryimage","url":"https:\/\/www.participacionciudadana.org\/web\/wp-content\/uploads\/2022\/01\/WilliamGandara.jpeg","contentUrl":"https:\/\/www.participacionciudadana.org\/web\/wp-content\/uploads\/2022\/01\/WilliamGandara.jpeg","width":100,"height":100},{"@type":"BreadcrumbList","@id":"https:\/\/www.participacionciudadana.org\/web\/equipo-pc\/william-gandara-coordinador-centro-de-monitoreo\/#breadcrumb","itemListElement":[{"@type":"ListItem","position":1,"name":"Portada","item":"https:\/\/www.participacionciudadana.org\/web\/"},{"@type":"ListItem","position":2,"name":"Equipo PC","item":"https:\/\/www.participacionciudadana.org\/web\/equipo-pc\/"},{"@type":"ListItem","position":3,"name":"William G\u00e1ndara &#8211; Coordinador del Centro de Monitoreo"}]},{"@type":"WebSite","@id":"https:\/\/www.participacionciudadana.org\/web\/#website","url":"https:\/\/www.participacionciudadana.org\/web\/","name":"Participaci\u00f3n Ciudadana","description":"Comprometidos con la democracia","publisher":{"@id":"https:\/\/www.participacionciudadana.org\/web\/#organization"},"potentialAction":[{"@type":"SearchAction","target":{"@type":"EntryPoint","urlTemplate":"https:\/\/www.participacionciudadana.org\/web\/?s={search_term_string}"},"query-input":{"@type":"PropertyValueSpecification","valueRequired":true,"valueName":"search_term_string"}}],"inLanguage":"es"},{"@type":"Organization","@id":"https:\/\/www.participacionciudadana.org\/web\/#organization","name":"Participaci\u00f3n Ciudadana","url":"https:\/\/www.participacionciudadana.org\/web\/","logo":{"@type":"ImageObject","inLanguage":"es","@id":"https:\/\/www.participacionciudadana.org\/web\/#\/schema\/logo\/image\/","url":"https:\/\/www.participacionciudadana.org\/web\/wp-content\/uploads\/2021\/11\/cropped-logo_pc-1.png","contentUrl":"https:\/\/www.participacionciudadana.org\/web\/wp-content\/uploads\/2021\/11\/cropped-logo_pc-1.png","width":340,"height":114,"caption":"Participaci\u00f3n Ciudadana"},"image":{"@id":"https:\/\/www.participacionciudadana.org\/web\/#\/schema\/logo\/image\/"},"sameAs":["https:\/\/www.facebook.com\/ParticipacionPC\/","https:\/\/x.com\/ParticipacionPC"]}]}},"_links":{"self":[{"href":"https:\/\/www.participacionciudadana.org\/web\/wp-json\/wp\/v2\/pages\/1494","targetHints":{"allow":["GET"]}}],"collection":[{"href":"https:\/\/www.participacionciudadana.org\/web\/wp-json\/wp\/v2\/pages"}],"about":[{"href":"https:\/\/www.participacionciudadana.org\/web\/wp-json\/wp\/v2\/types\/page"}],"author":[{"embeddable":true,"href":"https:\/\/www.participacionciudadana.org\/web\/wp-json\/wp\/v2\/users\/1"}],"replies":[{"embeddable":true,"href":"https:\/\/www.participacionciudadana.org\/web\/wp-json\/wp\/v2\/comments?post=1494"}],"version-history":[{"count":0,"href":"https:\/\/www.participacionciudadana.org\/web\/wp-json\/wp\/v2\/pages\/1494\/revisions"}],"up":[{"embeddable":true,"href":"https:\/\/www.participacionciudadana.org\/web\/wp-json\/wp\/v2\/pages\/1463"}],"wp:featuredmedia":[{"embeddable":true,"href":"https:\/\/www.participacionciudadana.org\/web\/wp-json\/wp\/v2\/media\/1495"}],"wp:attachment":[{"href":"https:\/\/www.participacionciudadana.org\/web\/wp-json\/wp\/v2\/media?parent=1494"}],"curies":[{"name":"wp","href":"https:\/\/api.w.org\/{rel}","templated":true}]}}